is the ten thousands digit of 3726426993?
2
What is the tens digit of 24700609?
0
What is the thousands digit of 3338900286?
0
What is the tens digit of 28713494?
9
What is the ten millions digit of 43511954?
4
What is the thousands digit of 1170831149?
1
What is the units digit of 52705946?
6
What is the ten thousands digit of 5508582764?
8
What is the millions digit of 50382845?
0
What is the hundred millions digit of 116882351?
1
What is the thousands digit of 85785890?
5
What is the ten millions digit of 75731892?
7
What is the ten thousands digit of 34153902?
5
What is the units digit of 149706203?
3
What is the tens digit of 257810667?
6
What is the hundreds digit of 263048457?
4
What is the ten millions digit of 2445319738?
4
What is the ten thousands digit of 35122240?
2
What is the hundred millions digit of 340522257?
3
What is the millions digit of 3065448?
3
What is the tens digit of 4371242?
4
What is the millions digit of 65388936?
5
What is the ten millions digit of 188736608?
8
What is the hundred thousands digit of 1203679661?
6
What is the ten millions digit of 22614801?
2
What is the billions digit of 1378863445?
1
What is the millions digit of 776565394?
6
What is the hundred thousands digit of 1098385720?
3
What is the thousands digit of 134464656?
4
What is the ten millions digit of 966901375?
6
What is the hundreds digit of 43548479?
4
What is the thousands digit of 3121238771?
8
What is the millions digit of 2536982735?
6
What is the thousands digit of 41790033?
0
What is the hundreds digit of 2324617?
6
What is the hundred thousands digit of 122649054?
6
What is the hundred thousands digit of 263141236?
1
What is the ten millions digit of 1086656482?
8
What is the millions digit of 4916937384?
6
What is the hundred thousands digit of 141517828?
5
What is the hundreds digit of 60647610?
6
What is the hundreds digit of 288329461?
4
What is the hundreds digit of 96374242?
2
What is the hundreds digit of 86270196?
1
What is the units digit of 230298384?
4
What is the tens digit of 2321130189?
8
What is the ten millions digit of 2731979641?
3
What is the billions digit of 4099684199?
4
What is the millions digit of 473131055?
3
What is the units digit of 998707?
7
What is the thousands digit of 742953746?
3
What is the tens digit of 2494497561?
6
What is the units digit of 179278004?
4
What is the hundred thousands digit of 78543089?
5
What is the ten millions digit of 497940330?
9
What is the tens digit of 262310047?
4
What is the hundred thousands digit of 147099324?
0
What is the hundred thousands digit of 1583020006?
0
What is the ten millions digit of 320027279?
2
What is the tens digit of 1244928892?
9
What is the hundred thousands digit of 2393990179?
9
What is the thousands digit of 52090269?
0
What is the units digit of 750611389?
9
What is the ten millions digit of 73707929?
7
What is the hundred thousands digit of 214359939?
3
What is the hundred millions digit of 123515631?
1
What is the ten millions digit of 268803095?
6
What is the ten thousands digit of 53883602?
8
What is the hundreds digit of 83894693?
6
What is the millions digit of 50636262?
0
What is the hundred thousands digit of 2503774649?
7
What is the hundred thousands digit of 893848790?
8
What is the hundreds digit of 30202783?
7
What is the hundred thousands digit of 74582654?
5
What is the hundreds digit of 16994561?
5
What is the hundreds digit of 2769128961?
9
What is the hundred thousands digit of 21962233?
9
What is the millions digit of 1529576646?
9
What is the thousands digit of 235014015?
4
What is the hundred thousands digit of 36075012?
0
What is the tens digit of 3415870674?
7
What is the thousands digit of 18137932?
7
What is the units digit of 26723025?
5
What is the tens digit of 45668300?
0
What is the units digit of 252342527?
7
What is the hundred thousands digit of 279136858?
1
What is the hundreds digit of 389887844?
8
What is the ten millions digit of 1237722717?
3
What is the hundreds digit of 1363282689?
6
What is the millions digit of 41019943?
1
What is the ten thousands digit of 266024900?
2
What is the hundred thousands digit of 231822142?
8
What is the tens digit of 830471598?
9
What is the tens digit of 35396931?
3
What is the hundred millions digit of 5662096848?
6
What is the hundred thousands digit of 1510112957?
1
What is the millions digit of 356601828?
6
What is the thousands digit of 219237848?
7
What is the tens digit of 2032365118?
1
What is the millions digit of 45919444?
5
What is the ten millions digit of 10498435?
1
What is the hundreds digit of 1420389698?
6
What is the thousands digit of 206556830?
6
What is the thousands digit of 83338027?
8
What is the millions digit of 326304191?
6
What is the hundred millions digit of 515497219?
5
What is the ten thousands digit of 61001352?
0
What is the millions digit of 762076672?
2
What is the ten millions digit of 1774485445?
7
What is the tens digit of 1094601269?
6
What is the hundred thousands digit of 2874150491?
1
What is the ten thousands digit of 46966054?
6
What is the ten millions digit of 71832938?
7
What is the ten thousands digit of 43212117?
1
What is the ten millions digit of 191827974?
9
What is the ten thousands digit of 4538928337?
2
What is the hundreds digit of 59629418?
4
What is the tens digit of 1467753790?
9
What is the hundreds digit of 518655570?
5
What is the hundreds digit of 171391896?
8
What is the millions digit of 167967258?
7
What is the ten millions digit of 619442415?
1
What is the tens digit of 360642043?
4
What is the hundred millions digit of 201586507?
2
What is the ten thousands digit of 540438811?
3
What is the ten millions digit of 26532462?
2
What is the ten thousands digit of 2282355203?
5
What is the ten millions digit of 468174202?
6
What is the billions digit of 2750586309?
2
What is the billions digit of 1535622563?
1
What is the thousands digit of 66758478?
8
What is the units digit of 167556272?
2
What is the thousands digit of 1567749357?
9
What is the thousands digit of 112073824?
3
What is the hundred thousands digit of 14413858?
4
What is the hundreds digit of 9657553?
5
What is the millions digit of 3741146427?
1
What is the ten millions digit of 134575557?
3
What is the thousands digit of 30697544?
7
What is the hundreds digit of 70382252?
2
What is the ten thousands digit of 98754917?
5
What is the thousands digit of 43705332?
5
What is the ten thousands digit of 508467982?
6
What is the ten millions digit of 99148019?
9
What is the ten millions digit of 182386577?
8
What is the thousands digit of 26514726?
4
What is the units digit of 58499068?
8
What is the ten millions digit of 86338534?
8
What is the ten thousands digit of 58007118?
0
What is the billions digit of 3578265524?
3
What is the ten thousands digit of 79336855?
3
What is the billions digit of 2270770109?
2
What is the hundred millions digit of 598321500?
5
What is the ten thousands digit of 75028075?
2
What is the hundred millions digit of 149216184?
1
What is the millions digit of 234010509?
4
What is the units digit of 4082894979?
9
What is the units digit of 115981847?
7
What is the hundreds digit of 3037166598?
5
What is the ten thousands digit of 219646186?
4
What is the hundreds digit of 6068549?
5
What is the hundreds digit of 67633481?
4
What is the millions digit of 434692060?
4
What is the hundreds digit of 89099595?
5
What is the tens digit of 235409983?
8
What is the millions digit of 93359320?
3
What is the hundred thousands digit of 1398178450?
1
What is the units digit of 158027278?
8
What is the millions digit of 493951728?
3
What is the hundred thousands digit of 148370232?
3
What is the billions digit of 1593870097?
1
What is the thousands digit of 3327133080?
3
What is the hundred millions digit of 2319690960?
3
What is the ten thousands digit of 36398614?
9
What is the hundreds digit of 143954861?
8
What is the ten millions digit of 44673729?
4
What is the millions digit of 156432699?
6
What is the thousands digit of 6824531?
4
What is the ten millions digit of 123095725?
2
What is the millions digit of 44057786?
4
What is the millions digit of 2109021538?
9
What is the tens digit of 117525789?
8
What is the billions 